 20*q**2 - 8*q + 42. Let a(p) = -23*c(p) - 6*t(p). What is a(0)?
48
Let j = -70791 - -70793. Let k(a) be the third derivative of a**5/60 - a**4/12 + a**3/6 + a**2. Give k(j).
1
Suppose -2*i + 70 = -4*p + 16, -4*i = p - 63. Let k(n) = n**3 - 19*n**2 + 36*n - 41. Let w be k(i). Let q(r) = -3*r - 2. Give q(w).
19
Let p(i) = -i**2 + 2*i - 5. Let n(r) = 3*r**2 - 58*r + 17. Let b be n(19). Let o be 86 + -79 + (-1)/(-2)*b. Give p(o).
-29
Let i = -7741 + 7744. Let r(d) be the third derivative of 0 + 21*d**2 - 5/6*d**i - 1/8*d**4 - 1/60*d**5 + 0*d. Calculate r(-4).
-9
Let n(a) = a**3 - 4*a**2 + 3*a - 5. Let d = -1083 + 1073. Suppose t = 2*h + 5*t - 36, 5*h - t = 68. Let g = h + d. Determine n(g).
7
Suppose -q = -3*i + 4, -3*q + 33 = -2*i + 31. Let y(b) = b**2 - 6*b + 14. What is y(i)?
6
Let l(h) = -5*h - 331445540 + 331445540. Calculate l(-2).
10
Let d(w) = 65*w**3 + 4*w**2 - 8*w - 5. Suppose -16 = -13*k + 21*k. Let t(i) = -16*i**3 - i**2 + 2*i + 1. Let o(q) = k*d(q) - 9*t(q). Determine o(1).
14
Let g(u) = u**3 - 6*u**2 - 3 + 4*u**2 + 3*u**2. Suppose i - 123 - 24 = 0. Let c = 147 - i. What is g(c)?
-3
Let u(y) = 4*y + 5. Let q = -546 + 569. Suppose 9*l - q + 41 = 0. What is u(l)?
-3
Let r(f) = -14*f - 281. Let c(v) = 15*v + 730. Let d be c(-50). Give r(d).
-1
Let h(g) = 2*g - 6. Let x(a) = -5*a + 133. Let f be x(25). Let s be (-9)/(f + 152/(-16)). Determine h(s).
6
Let j(n) = -17*n**2 - 2*n - 1. Let v = -18 + 18. Suppose -g = 4*w - v*g - 71, -4*w + g + 81 = 0. Let t = 18 - w. Give j(t).
-16
Let x(u) = 11*u + 12. Let l be (-2163)/(-3605) + (1 - 16/10). Determine x(l).
12
Suppose 5*i = 3*d - 5, -i = -6*d + d + 1. Let q(w) be the second derivative of 16*w + 1 - 1/12*w**4 - 9*w**2 + 1/6*w**3. Give q(d).
-18
Suppose 5*j + 4*t = 412, -3*j + t + 23 = -231. Let l(r) = -r + r**2 + r - j + 78. Calculate l(0).
-6
Let r(x) = x**2 + 7*x + 6. Let w = -21 + 37. Suppose -19*t - 24 - 14 = 0. Let j be 1/(((-108)/w)/3 - t). Calculate r(j).
-6
Let m(c) = -6*c. Let v(o) be the second derivative of o**4/12 + 7*o**3/3 + 23*o**2/2 - 36*o. Let j be v(-12). Give m(j).
6
Suppose 0 = -2*g + 4*q + 8, -q - 3 = -0. Let n(i) be the first derivative of i**4/4 - 3*i**2/2 + i - 34976. What is n(g)?
-1
Suppose -x + 15 = -m, -452*m - 55 = -2*x - 455*m. Let l(z) be the third derivative of -7/6*z**3 + 0 - 1/8*z**4 + 0*z - x*z**2. Give l(-8).
17
Let p(u) be the first derivative of u**4/4 + 7*u**3/3 + 5*u**2/2 + 10*u + 2. Suppose 54*c - 6783 = -7161. Give p(c).
-25
Let b(s) = -7*s**2 + 2*s + 1. Suppose -4*c = 4*u - 32, 2*c - 10*u + 7*u + 9 = 0. Determine b(c).
-56
Suppose -a - 2 = -1, -2*b - 5*a = 13. Let x(w) = 7*w**3 - 13*w**2 - 5*w + 9. Let t(o) = 2*o**3 - 6*o**2 - 3*o + 1. Let q(j) = -3*t(j) + x(j). Determine q(b).
6
Let x(z) = 6*z**2 + 9*z - 18. Let o be x(3). Suppose o*d + 5 = 64*d. Let v(y) = y + 7. Give v(d).
12
Let z(h) = -8*h**2 + 21*h**2 + 2*h - h - 12*h**2. Let m(o) be the first derivative of 5*o**3/3 - o**2 - 3*o + 3. Let q(b) = m(b) - 4*z(b). Calculate q(7).
4
Suppose -19*k = 23 - 4. Let j(r) be the first derivative of 0*r - 8/3*r**3 + 2 + 1/2*r**2. What is j(k)?
-9
Let l(v) = v + 17. Let g be l(-13). Suppose -h - 3 = g*x, 2*h + 2*h - 2*x = 42. Let c(j) = 2263*j - 1134*j - 1130*j + 11. Determine c(h).
2
Let u(a) = 26*a - 183. Let c(r) = 27*r + 4679. Let d be c(-173). What is u(d)?
25
Let h(a) = 1433*a - 12 - 2 - 5 - 17 - 1437*a. Give h(-5).
-16
Let g(p) be the first derivative of -231 - 1/4*p**4 - 2*p + p**3 + 3*p**2. Give g(4).
6
Let t = 5773 + -5799. Let j(v) = -v**3 - 25*v**2 + 29*v + 77. Calculate j(t).
-1
Let v(d) be the third derivative of d**4/24 - 4*d**3/3 - 5*d**2 + 2*d - 2. Suppose 2*w + 8 = 2*b, 2*w + w + 4*b - 16 = 0. What is v(w)?
-8
Let j(o) = 3*o**3 + 7*o**2 + 15*o + 26. Let v = 234 - 237. Suppose 0*d = 2*d + 16. Let a(w) = -w**3 - 2*w**2 - 5*w - 9. Let i(r) = d*a(r) + v*j(r). Give i(-4).
-2
Suppose -4 = 24*t - 244. Let n = 4 - t. Let r(x) = -4*x + 2. Give r(n).
26
Let d(a) = a + 4. Suppose 0 = -2*n + 11*n + 27. Let r be 183*3/9 - n. Let o = r + -70. What is d(o)?
-2
Let t(p) = 5*p**3 + 91*p**2 - 96*p + 58. Let j(f) = -2*f**3 - 36*f**2 + 38*f - 23. Let u(m) = 38*j(m) + 15*t(m). Give u(-6).
80
Let k(d) = -d**3 + 15*d**2 - 17*d + 40. Let z be k(14). Let o(x) be the first derivative of 2*x**2 + x - 5 + 3*x - 4*x. Give o(z).
-8
Suppose 2*b - 18 = 3*g, 2*g - 28 = -4*b + 6*g. Suppose -b*x = p + 14, -4*p + 6*p = 4*x + 2. Let c(m) = m + 7. Determine c(p).
2
Suppose 0 = 63*s - 90 + 90. Let l(p) = p**3 + 5*p**2 + 7*p - 7. Let v(h) = -h**3 - 6*h**2 - 8*h + 7. Let t(r) = 7*l(r) + 6*v(r). Calculate t(s).
-7
Let d(h) be the third derivative of h**6/120 + h**5/12 - 5*h**4/12 + 3*h**3 - 243*h**2. Determine d(-7).
-10
Let a be ((-7)/9)/((-36)/(-324)). Let b(c) = 44*c + 13 - 43*c - 14. Give b(a).
-8
Let x(u) be the second derivative of -u**5/20 + 11*u**4/12 - 4*u**3 + 26*u**2 - 2*u - 100. What is x(9)?
-2
Let u be (0 - (3 - (-2 + 0))) + 225 + -220. Let f(d) = d**3 - d**2 + d - 4. Give f(u).
-4
Let z(b) be the third derivative of -b**5/60 + b**4/3 - b**3/2 - 131*b**2. Let j be (-12 + 0)*(-3)/6. Calculate z(j).
9
Let s(q) = q + 1. Let o = -62 + 30. Let b = o + 28. Let v(i) = -i**3 + 5*i**2 - i + 7. Let f(j) = b*s(j) + v(j). Calculate f(3).
6
Let m(c) be the second derivative of -2*c**3/3 + 19*c**2/2 + 3*c + 1102. Determine m(2).
11
Suppose 2*f + f = m + 6, 0 = -4*f + 5*m - 3. Let n(u) = 0*u**f + u**3 + 21*u**2 + 2*u + 4 - 15*u**2. Calculate n(-6).
-8
Suppose 4*w - 2*w = 4. Let k(u) = w + 38*u - 20*u - 19*u. Let g(f) = -5*f + 9. Let n(t) = 2*g(t) - 9*k(t). Calculate n(-2).
2
Suppose 168 = -3*a + a. Let r be (a/(-35))/((-2)/((-40)/6)). Let t(w) = w + 1. Give t(r).
9
Let h(d) = 32*d + 68. Suppose 4*o = 4*t - 8, 6*o = -3*t - 0*t - 30. What is h(t)?
4
Let o(z) = 9*z - 2. Suppose -2*g - 5 = 5*y, -2*g + 5 = -4*y - 17. Determine o(y).
-29
Suppose 5 = -2*p + 6*z - 3*z, p = -4*z + 14. Let d(v) = -32*v - 34*v + 23*v + 24 + 2*v**p. Let g be d(21). Let l(x) = -x**3 + 3*x**2 - 3*x - 1. Give l(g).
-10
Let u(q) = -8*q - 6. Let g(z) = 6*z**2 - 102*z + 182. Let m be g(15). Give u(m).
-22
Let b(a) be the second derivative of 5/6*a**3 + 0*a**2 + 2*a - 22. Give b(-3).
-15
Let w = -974 - -969. Let p(v) = -v + 4*v + 1 - 7 - 4*v. What is p(w)?
-1
Let d(k) = 13*k**3 + 6*k**2 - 6*k - 10. Let i(s) = 28*s**3 + 13*s**2 - 12*s - 21. Let t(a) = -13*d(a) + 6*i(a). Give t(2).
8
Let h(x) = -3*x - 8*x**2 - 2*x + 1 + x**3 + 11*x**2. Suppose 1035 = -3*u - 3*a, 0*u - 5*u = 2*a + 1737. Let n = u - -345. Calculate h(n).
5
Let v be ((-8)/6)/((-8)/16740*-9). Let z = v + 310. Let x(l) = 5*l**3 + l**2 + 5*l - 3. Let q(s) = -s**3 - s + 1. Let r(m) = 6*q(m) + x(m). Give r(z).
3
Let i(l) be the second derivative of -12*l + l**2 + 0*l**3 - 7/12*l**4 + 0 + 1/20*l**5. Let j be (42/(-60))/((-4)/10)*4. Calculate i(j).
2
Let h(r) = -4665*r - 533 + 4639*r + 692. What is h(6)?
3
Suppose -32 = -4*p + 4*r, -7 = 4*p + 5*r + 6. Suppose -p*z + 26 = 3*q - 1, 3*z = -2*q + 24. Let w(x) = z + 3 - 2*x - 4. Determine w(-4).
13
Suppose -1238 + 131 = -9*o. Let k(m) = 2*m - 3*m**2 + 120 - 245 + o. Determine k(1).
-3
Let g = -1 + 3. Suppose g = -9*r + 11*r. Let z be -8 - -9 - 3/r. Let u(h) = -3*h**3 - 2*h**2 + 3*h + 3. Determine u(z).
13
Let t(z) = -7*z**2 + 4*z - 2. Let y = -166 - -168. Suppose 7*i + 4*w - 26 = 4*i, 2*i - y*w = -6. Give t(i).
-22
Let h = -6605 + 6606. Let t(g) be the second derivative of 0 + 1/2*g**2 + 1/4*g**4 + g - 1/6*g**3. Determine t(h).
3
Let d(c) be the first derivative of -c**4/2 - 19*c**3/3 - 7*c**2/2 + 20*c + 1657. Determine d(-9).
2
Let c(x) = x + 4. Let d = 25 - -46. Let m = d + -77. Give c(m).
-2
Let a(n) = -3*n**2 - 10*n + 2. Let h(p) = 16*p**2 + 49*p - 12. Suppose -4*w - 18 = -3*v - 35, v + 5*w + 31 = 0. Let k(s) = v*a(s) - 2*h(s). Determine k(-10).
-18
Let o(s) = s**3 + 8*s**2 - 22*s + 7. Let x be o(-10). Suppose f - 4*f + x = 3*j, 2*f - j - 6 = 0. Let p(z) = 4 - 5 + f*z**3 - 292*z + 292*z. What is p(1)?
4
Let k(x) = 2*x + 7. Let a(z) = -4*z + 38. Let o = 60 + -52. Let f be a(o). Suppose 5*j - f = -31. What is k(j)?
-3
Let u(o) = -11*o**2 - 57*o + 158. Let w(s) = -5*s**2 - 29*s + 80. Let g(h) = -7*u(h) + 15*w(h). Determine g(15).
4
Let b(v) = 11*v**2 + 18*v + 50. Let n(m) = -5*m**2 + 2*m + 8. Let s(p) = -b(p) + 6*